. Determine a(2).
11
Let d(z) = 125*z + 144. Determine d(3).
519
Let y(t) = -2*t**2 + 66*t - 32. Determine y(32).
32
Let z(i) = 2*i**3 + 33*i**2 - 21*i + 10. Determine z(-16).
602
Let a(i) = 11*i**2 + 21*i - 6. Give a(-3).
30
Let f(k) = -25*k - 2439. Calculate f(-94).
-89
Let u(f) = 53*f - 623. Give u(11).
-40
Let f(s) = 11*s - 131. Give f(18).
67
Let z(h) = -11*h - 22. Calculate z(-1).
-11
Let d(t) = -t**2 - 66*t + 361. Determine d(-71).
6
Let y(d) = d**3 + 45*d**2 - 900*d + 5. Calculate y(-60).
5
Let c(w) = w**2 + 96*w + 2285. What is c(-47)?
-18
Let a(c) = -c**3 - 8*c**2 - 8*c + 33. Calculate a(-3).
12
Let f(w) = -42*w + 2673. Calculate f(63).
27
Let y(i) = -i**3 + 21*i**2 - 77*i + 157. Determine y(17).
4
Let u(a) = a**2 - 3*a - 5. Determine u(13).
125
Let r(i) = 2*i**2 + 9829*i - 108358. Calculate r(11).
3
Let a(x) = -9*x**2 - 168*x + 61. Calculate a(-19).
4
Let z(t) = -3*t**3 - 37*t**2 + 24*t - 51. Determine z(-13).
-25
Let m(i) = -i**3 - 59*i**2 - 211*i - 37. Determine m(-55).
-532
Let v(w) = -3*w**3 + 27*w**2 - 11*w + 27. Calculate v(8).
131
Let y(h) = 10*h**2 - 510*h - 1532. Give y(-3).
88
Let h(q) = -268*q - 813. Determine h(-3).
-9
Let o(g) = -3*g + 230. Calculate o(7).
209
Let f(g) = g**3 - 59*g**2 + 528*g + 11. Give f(48).
11
Let i(u) = -4*u**2 + 17*u + 34. Give i(6).
-8
Let y(v) = 5*v**2 + 20*v - 157. Give y(5).
68
Let f(i) = -i**2 - 47*i - 440. Calculate f(-13).
2
Let l(d) = -2562*d + 5267. Give l(2).
143
Let s(f) = -f**3 + 12*f**2 + 3*f + 2. Calculate s(12).
38
Let i(o) = -111*o**2 - 3*o + 17. Give i(2).
-433
Let q(u) = u**2 - 47*u + 405. Give q(34).
-37
Let i(z) = -3*z**3 + 17*z**2 - 18. What is i(5)?
32
Let a(z) = -41*z + 3346. What is a(80)?
66
Let h(y) = -151*y**2 + y. Determine h(1).
-150
Let o(u) = 841*u - 15981. What is o(19)?
-2
Let g(j) = 531*j + 2713. Determine g(-5).
58
Let i(u) = -78*u + 8288. What is i(106)?
20
Let f(k) = 9*k - 71. Give f(12).
37
Let z(i) = -5*i**3 + 8*i**2 + 46*i + 7. What is z(4)?
-1
Let g(m) = 73*m + 25. What is g(2)?
171
Let k(b) = b**3 + 92*b**2 - 93*b - 34. Calculate k(-93).
-34
Let b(c) = c**3 + 37*c**2 + 264*c - 41. Calculate b(-10).
19
Let t(y) = 66*y + 1836. What is t(-28)?
-12
Let t(u) = -250*u - 14744. Determine t(-59).
6
Let v(b) = -2*b - 143. What is v(5)?
-153
Let i(k) = -48*k + 3664. Determine i(75).
64
Let l(p) = -2*p**2 - 47*p + 327. Calculate l(6).
-27
Let q(y) = -y**3 - 99*y**2 - 300*y - 31. Determine q(-3).
5
Let n(c) = -3*c**2 + 101*c + 32. Determine n(34).
-2
Let c(p) = -p**3 - 14*p**2 - 47*p - 155. Calculate c(-12).
121
Let f(z) = z**3 + 8*z**2 + 14*z + 8. Give f(-6).
-4
Let f(i) = 1345*i + 13453. Determine f(-10).
3
Let f(t) = t**2 - 147*t - 1735. What is f(-11)?
3
Let j(n) = 90*n - 460. Calculate j(5).
-10
Let a(q) = 6*q**2 - 3*q - 6. Determine a(2).
12
Let t(s) = s**3 - 58*s**2 + 160*s + 306. Determine t(55).
31
Let h(v) = -123*v - 359. Give h(-3).
10
Let u(a) = a**3 - a**2 - 157*a + 157. Determine u(1).
0
Let p(a) = -a**2 + 243*a + 7891. Determine p(-29).
3
Let a(l) = l**3 + l**2 - 345*l + 39. Determine a(18).
-15
Let u(s) = -13*s**3 - 8*s**2 + 8*s + 20. Give u(-2).
76
Let u(f) = -f**2 - 39*f + 742. What is u(-53)?
0
Let w(q) = -330*q + 7956. Calculate w(24).
36
Let d(u) = 26*u - 1336. Determine d(64).
328
Let w(z) = 3*z**3 + 6*z**2 + 71*z + 138. Determine w(-2).
-4
Let p(v) = -v**2 - 27*v - 189. Calculate p(-20).
-49
Let a(k) = 905*k + 3595. What is a(-4)?
-25
Let w(u) = 7*u**2 - 36*u + 5. Calculate w(0).
5
Let h(v) = -26*v + 305. What is h(12)?
-7
Let q(f) = -2*f**2 + 73*f - 666. Calculate q(18).
0
Let z(g) = g**2 - 32*g - 492. Give z(50).
408
Let j(i) = -49*i - 222. Calculate j(-5).
23
Let a(b) = -14*b**2 - 17*b + 12. Determine a(-1).
15
Let p(j) = -j**3 + j**2 + 35*j + 29. Determine p(-5).
4
Let j(i) = 45*i**2 + 107*i - 1. Determine j(-3).
83
Let r(w) = -w**3 - 213*w**2 + 1544*w - 16. Calculate r(7).
12
Let v(t) = 48*t**3 - 432*t**2 + 8*t - 67. Calculate v(9).
5
Let d(w) = 17*w**2 - 336*w + 802. Give d(17).
3
Let o(n) = n**2 + 286*n + 3276. Give o(-12).
-12
Let y(c) = -c**3 + 11*c**2 + 200*c - 438. Calculate y(20).
-38
Let d(c) = 8*c**3 - 6*c**2 - 32*c - 33. Give d(-1).
-15
Let r(n) = n**3 + 5*n**2 + 10*n - 1. Give r(-7).
-169
Let f(z) = -z**2 + 18*z + 1072. Determine f(-25).
-3
Let x(j) = -42*j**3 - 14*j**2 + 2*j + 1. Determine x(-1).
27
Let t(x) = x**3 - 7*x**2 + 18*x - 56. Calculate t(6).
16
Let q(l) = -135*l + 2110. Calculate q(16).
-50
Let n(j) = -j**2 + 4*j + 656. Calculate n(26).
84
Let k(g) = -3088*g + 24694. Give k(8).
-10
Let p(o) = -3336*o - 3371. Determine p(-1).
-35
Let w(r) = 2*r**3 + 16*r**2 - 55*r - 100. Give w(-9).
233
Let f(q) = q**3 - 68*q**2 + 194*q + 4. Give f(65).
-61
Let b(o) = 3*o**2 - 36*o + 17. Determine b(16).
209
Let o(b) = -27*b + 133. Give o(3).
52
Let b(u) = -u**2 - 36*u + 116. Give b(3).
-1
Let y(h) = -260*h - 59034. Calculate y(-227).
-14
Let d(m) = m**3 + 14*m**2 - 58*m - 53. Calculate d(-17).
66
Let j(z) = 3*z**3 + 18*z**2 + 4*z - 11. Determine j(-3).
58
Let q(h) = -h**3 - 74*h**2 - 1169*h + 199. Calculate q(-51).
-5
Let t(g) = 321*g + 332. What is t(-1)?
11
Let o(k) = k**3 - 47*k**2 - 10*k + 619. Determine o(47).
149
Let s(i) = i + 373. Give s(49).
422
Let f(p) = -5*p**2 + 87*p - 54. Determine f(17).
-20
Let x(k) = 2*k**3 - 20*k**2 + 12*k + 47. Determine x(9).
-7
Let k(a) = 115*a - 16885. Determine k(147).
20
Let n(q) = -31*q - 368. Give n(-6).
-182
Let l(o) = o**3 - 11*o**2 + 5*o - 22. Give l(7).
-183
Let k(d) = -21*d**3 - 16*d**2 - 7*d + 43. Determine k(-2).
161
Let c(z) = -8*z - 336. What is c(-44)?
16
Let s(h) = 90*h + 485. Determine s(-5).
35
Let b(t) = 30*t + 461. Calculate b(-15).
11
Let o(k) = k**2 + 71*k + 523. Calculate o(-7).
75
Let h(b) = 5*b**2 - 745*b + 6963. Give h(139).
13
Let p(k) = 13*k + 566. Calculate p(-45).
-19
Let s(o) = -o**3 + 54*o**2 - 358*o + 98. Determine s(46).
558
Let k(s) = s**3 - 7*s**2 - 17*s - 88. What is k(10)?
42
Let h(u) = -2478*u + 52054. Give h(21).
16
Let a(p) = 2*p**2 - 34*p + 133. What is a(4)?
29
Let l(w) = -2*w**3 + 32*w**2 + 28*w - 123. What is l(16)?
325
Let t(p) = p**3 - 12*p**2 + 30*p - 70. What is t(10)?
30
Let c(d) = 26*d - 198. Give c(13).
140
Let o(a) = -594*a + 3553. Determine o(6).
-11
Let w(x) = -2*x**3 + 17*x + 3. Calculate w(0).
3
Let i(r) = 1278*r + 6289. What is i(-5)?
-101
Let l(k) = -k**2 + 115*k - 3004. Determine l(76).
-40
Let p(t) = 196*t - 1983. Give p(10).
-23
Let x(j) = 114*j**3 - 3*j**2 - 3*j - 2. What is x(-1)?
-116
Let j(q) = 5*q**3 - 45*q**2 + 24*q - 274. Determine j(9).
-58
Let p(y) = -2*y**3 - 7*y**2 + 15*y + 72. Give p(-5).
72
Let s(k) = -76*k + 629. Determine s(8).
21
Let g(k) = -k + 76. What is g(-9)?
85
Let l(x) = 9*x - 8. Calculate l(12).
100
Let a(c) = -c**3 + 108*c**2 - 793*c - 46. Determine a(8).
10
Let u(m) = 831*m - 781. Determine u(1).
50
Let h(j) = -j**3 - 26*j**2 + 57*j - 40. Determine h(-28).
-68
Let z(q) = -7*q + 59. Determine z(-15).
164
Let n(h) = -11*h - 100. What is n(-8)?
-12
Let j(b) = -4*b**3 + 185*b**2 - 43*b - 143. Calculate j(46).
-5
Let o(m) = -21*m - 127. Determine o(13).
-400
Let o(a) = -3*a**2 + 292*a + 2077. Determine o(104).
-3
Let d(z) = 122*z + 481. Give d(-4).
-7
Let b(l) = -68*l + 2030. Calculate b(30).
-10
Let g(r) = -50*r + 778. Calculate g(15).
28
Let l(a) = a**3 + 93*a**2 + 43*a + 4005. Give l(-93).
6
Let l(m) = m**2 + 12*m - 3695. What is l(-67)?
-10
Let i(m) = 29*m**2 + 14*m - 13. Determine i(-2).
75
Let u(y) = y**3 + 2*y**2 + 22*y - 120. Calculate u(3).
-9
Let t(y) = 248*y + 7687. Give t(-31).
-1
Let s(d) = d**3 + 40*d**2 - 9*d - 354. Determine s(-40).
6
Let j(r) = -10*r**2 - 420*r - 119. Determine j(-41).
291
Let v(z) = z**2 - 86*z + 1838. What is v(39)?
5
Let q(z) = -8*z**2 + 8*z - 5. Calculate q(-6).
-341
Let d(c) = -813*c**2 + 14*c + 2. Determine d(1).
-797
Let t(j) = j**3 - 22*j**2 + 13*j + 169. Calculate t(21).
1
Let y(w) = -25*w**2 + 76*w + 92. What is y(4)?
-4
Let m(x) = 2*x**3 - 57*x**2 - 34*x - 72. Give m(29).
-217
Let a(r) = r**3 - 38*r**2 + 75*r - 1417. What is a(37)?
-11
Let k(j) = -102*j + 2551. Give k(25).
1
Let f(r) = -51*r**2 - 4*r. Calculate f(2).
-212
Let v(d) = -14*d - 207. Calculate v(-15).
3
Let i(y) = -y**2 - 9*y + 40. Determine i(-15).
-50
Let z(t) = -8*t**2 + 82*t - 381. Give z(5).
-171
Let